2?
11
Let v(a) = -a**3 + 7*a**2 - 3*a - 3. Suppose -3*b + 55 + 71 = 0. Calculate the remainder when b is divided by v(6).
12
Let t(d) = 4*d + 1. Calculate the remainder when t(7) is divided by 15.
14
Let p(o) = o**2 + 11*o - 15. What is the remainder when 17 is divided by p(-13)?
6
Let s(h) = -h - 6. Let u be s(-7). Calculate the remainder when 15/2*20/6 is divided by (-1)/(-1) - (-12)/u.
12
Let b(a) = -a**2 + 15*a - 4. What is the remainder when 18 is divided by b(14)?
8
Suppose 44 = 7*f - 3*f. Calculate the remainder when 119 is divided by f.
9
Suppose b - 71 = -3*n, 3*n + 4*b + 28 = 4*n. Calculate the remainder when n is divided by 5.
4
Suppose -5*p = 81 + 94. Calculate the remainder when (-2)/(-7) + (-340)/p is divided by 3.
1
Suppose 2 + 4 = -s. Let j be (s/3)/(1/3). Calculate the remainder when (j/4)/(6/(-88)) is divided by 12.
10
Let b be ((-3)/2)/(5/(-20)). What is the remainder when (3 + 9)*3/b is divided by 3?
0
Suppose -3 + 14 = s. Let i(f) = f**3 - 11*f**2 + 3*f - 4. Let u = 32 - 22. Calculate the remainder when i(s) is divided by u.
9
Suppose 114 = -6*j + 9*j. What is the remainder when j is divided by 10?
8
Suppose 2*a + 2 = 3*a. Suppose -a*k = -0*k - 2. Let s = k - -1. What is the remainder when s is divided by 1?
0
Let b = 546 - 324. Let t = b + -134. What is the remainder when 20 is divided by (t/12)/((-4)/(-6))?
9
Suppose -t + 2*i - 20 = 0, -3*t = -i - 2*i + 51. Let u = -10 - t. Calculate the remainder when 11 is divided by u.
3
Let g(u) = -6*u**3 - 2*u**2 - 6*u - 6. Calculate the remainder when 182 is divided by g(-2).
44
Let v = 30 + -18. Calculate the remainder when v is divided by 15/10*(-42)/(-9).
5
Let o(s) = s**3 + 4*s**2 + s. Calculate the remainder when 25 is divided by o(-3).
1
Let y be 1/1 + -2 - -9. Let t(o) = -19*o - 101. What is the remainder when t(-7) is divided by -4*(0 + (-22)/y)?
10
Let x be -6 - -4 - (1 - 132). Suppose -2*f = -5*f + x. What is the remainder when f is divided by 15?
13
Let l(m) = m**2 + m - 3. Let t be (-1 + -1)/(4/6). What is the remainder when l(5) is divided by (t - (-3)/3) + 17?
12
Let f = -42 + 54. What is the remainder when 47 is divided by f?
11
Let s(q) = q**2 + q - 1. Let p = -13 + 23. Calculate the remainder when s(-5) is divided by p.
9
Let h(u) = 3*u**2 + u. Let d(z) = 2*z**2 - 4. Let x be d(-2). Suppose -35 + 11 = -x*i. Calculate the remainder when h(-2) is divided by i.
4
Calculate the remainder when 8 - (3 - (-8)/(-2)) is divided by 8.
1
Let p be ((0/(-3))/(-1))/(-2). What is the remainder when 62 is divided by (-3 - 0)*(p - 7)?
20
Suppose -5*m + s + 172 = 0, -3*m = -5*m - s + 73. What is the remainder when m is divided by 13?
9
Suppose l + 2*z = 8, 0*z = 2*l - z - 11. Let h = 0 - -23. Calculate the remainder when h is divided by l.
5
Suppose -1 + 89 = 4*w. Calculate the remainder when w is divided by 12.
10
Suppose 0 = -s + 5, r - 5*s + 15 = -4*r. Suppose 0*y - 2*n = -r*y + 6, 21 = 4*y + 5*n. Calculate the remainder when ((-12)/10)/(2/(-10)) is divided by y.
2
Suppose 15 = 3*z, -z + 0*z - 5 = -2*k. Suppose 475 = k*m + 75. What is the remainder when m is divided by 27?
26
Let w(x) = 2*x**2 - 3*x + 21. Calculate the remainder when 81 is divided by w(4).
40
Let z(x) = x - 4. Suppose -4*t + 30 - 2 = 0. Suppose 5*l + 17 - 67 = -5*g, 0 = 3*l - 2*g - 5. What is the remainder when l is divided by z(t)?
2
Suppose -3*d = -5*i + 3*i + 14, 0 = -i - 4*d + 18. What is the remainder when 148/(-2)*(-5)/i is divided by 13?
11
Suppose w = -0*w + 4. Suppose -5*d - 48 = -2*s, 5*d = w*s - 92 + 16. Calculate the remainder when 40 is divided by s.
12
What is the remainder when (28/6)/((-8)/(-84)) is divided by 27?
22
Suppose 56 + 64 = 5*x. What is the remainder when 46 is divided by x?
22
Let p = -4 + 7. Suppose -p*i + 5*y - 35 = 78, -181 = 5*i - y. Let r = i - -95. Calculate the remainder when r is divided by 20.
19
Suppose -13 = -5*t + 12. Calculate the remainder when 7 is divided by t.
2
Let w(u) = -u**2 - 7*u + 25. What is the remainder when w(-6) is divided by 8?
7
Let q(w) = w - 11. Let g be q(10). What is the remainder when (g/(-3))/(1/87) is divided by 10?
9
Let w(r) = -r + 2. Calculate the remainder when 9 is divided by w(-1).
0
Suppose -4*d = -67 + 3. Let u(v) = -v**3 + 8*v**2 + v - 1. Calculate the remainder when u(6) is divided by d.
13
Let a be (-1 - -10)/(2 - 3). Suppose 4*g - 26 = 4*k - 6, 35 = 5*g - 3*k. What is the remainder when (-4)/6 + (-177)/a is divided by g?
9
Let t = 17 - 5. Suppose 5*j = 4*r + 3*j - 36, -2*r = 5*j + 6. What is the remainder when t is divided by r?
5
Let s(l) = -10*l - 1. Let q be s(-1). Let r(z) = z**3 - 10*z**2 + 10*z + 1. Let g(c) = -8*c + 4. Calculate the remainder when g(-3) is divided by r(q).
8
Let g(q) = q**3 + 11*q**2 - 14*q + 8. What is the remainder when g(-12) is divided by 11?
10
Suppose 2*a = -2, -2*a + a = 5*j - 9. Suppose j*q = 4*w - 98, -5*q + 0*q + 31 = 2*w. Let i = 142 - 74. What is the remainder when i is divided by w?
22
Let c = 3 - 0. Suppose 2*o - c - 1 = 4*u, 2*o - 6 = 3*u. What is the remainder when 16 is divided by o?
4
Let u(j) = -2*j - 15. Let o be u(-10). Suppose 8 = -4*p - 4*v, o*p + 0 - 2 = -2*v. Calculate the remainder when p is divided by 2.
0
Suppose -2*t = 5*z + 5 - 24, t + 1 = z. Suppose 5*w = -3*m + 31, w - t*m = 3*m - 5. What is the remainder when w is divided by 2?
1
Suppose c = m - 17, -11 = -m - 5*c + 4*c. What is the remainder when 26 is divided by m?
12
Let n(k) = k + 2. Let v be n(-7). What is the remainder when -2*(-5)/(v/(-8)) is divided by (8/(-10))/((-4)/30)?
4
Suppose -c - c - 6 = 0. Let d(y) = y**2 + y + 5. Let j(t) = 41*t**2 + t - 1. What is the remainder when j(1) is divided by d(c)?
8
Let j = -7 + 2. Let q(b) = -7*b - 2. Suppose 0 = 2*f - 3*t - 12, 4*f + 2*t - 64 = -2*t. What is the remainder when q(j) is divided by f?
9
Let l(x) = 2*x - 5*x - 2*x - x. Calculate the remainder when l(-7) is divided by 15.
12
Let g(b) = 2*b**2 - b - 1. Let r be g(-1). Suppose -2 = 2*u - o, 5*u - 15 - r = -3*o. Suppose -2*s + u = -9. Calculate the remainder when 8 is divided by s.
3
Let w = 0 - -2. Let q = -88 + 89. What is the remainder when w is divided by q?
0
Suppose -4*x + n = 4*n - 15, -3*n = 3*x - 12. Calculate the remainder when x is divided by 2.
1
Suppose 0 = -d - 0 + 10. Let q = d - 6. Suppose -2*o + q*o = 6. Calculate the remainder when o is divided by 2.
1
Suppose -5*p = -0*p - 135. Let r = 49 - p. Calculate the remainder when 42 is divided by r.
20
Suppose 2*w + 2*t - 12 = -2*t, 5*w - 4*t - 72 = 0. Calculate the remainder when 64 is divided by w.
4
What is the remainder when 10 is divided by (-32 - -25)/(-1 - 0)?
3
Suppose 70 = -14*t + 19*t. What is the remainder when 55 is divided by t?
13
Let u be (1 - -1 - 2)/(-2). Let a = 24 - 19. Let i = u + a. Calculate the remainder when 9 is divided by i.
4
What is the remainder when 53 is divided by (18 - 15) + (0 - 1) + 6?
5
Let b be (-17 - -5)*(-4)/3. Suppose -5*k = -b - 174. What is the remainder when k is divided by 10?
8
Let t = -17 - -17. Suppose t = 4*q - 123 - 185. What is the remainder when q is divided by 26?
25
Let q(k) = 2*k**2 + 7*k + 5. Let w(u) = 4*u + 11. Calculate the remainder when w(7) is divided by q(-5).
19
Let j(o) = o**2 - 11*o + 39. Calculate the remainder when j(13) is divided by 15.
5
Suppose 4*z - z - 6 = 0. What is the remainder when z is divided by (-24)/(-15) - (-9)/(-15)?
0
Let j(o) = o**3 - 6*o**2 - 5*o + 9. Let u = 15 - 8. What is the remainder when j(u) is divided by 12?
11
Suppose i + 2*a - 147 = -30, -3*i + 379 = -a. Let n = -68 + i. Calculate the remainder when n is divided by 20.
17
Suppose -5*l + 37 = -3*u - 57, -5*u - 142 = -l. Let p = u + 59. Calculate the remainder when p is divided by 8.
7
Let m = 15 - 8. Suppose 5*q - 177 + 42 = 0. What is the remainder when q is divided by m?
6
Let c be 134/(-11) - 16/(-88). Let g(f) = f**2 + 10*f - 11. Let j = 98 - 60. What is the remainder when j is divided by g(c)?
12
Let g(l) = 8*l - 1. Suppose 3*p = 2*p + 2. Calculate the remainder when 28 is divided by g(p).
13
Let i = -16 + 22. Calculate the remainder when 12 is divided by i/(-2) + (4 - -6).
5
Suppose -7*b = -4*b + 5*m - 11, -4*b = 5*m - 23. Suppose 3*v + 67 = 2*c, -5*c = -0*c + 5*v - 205. Let i = 72 - c. What is the remainder wh